{"id":37,"date":"2013-05-10T15:26:08","date_gmt":"2013-05-10T14:26:08","guid":{"rendered":"http:\/\/localhost:8888\/wordpress\/?page_id=37"},"modified":"2026-03-21T14:21:09","modified_gmt":"2026-03-21T12:21:09","slug":"spenden-beitrage","status":"publish","type":"page","link":"https:\/\/www.scriba-schreiber.de\/?page_id=37","title":{"rendered":"Spenden \/ Beitr\u00e4ge"},"content":{"rendered":"<p><\/p>\n<div id=\"stacks_out_16_page3\">\n<div id=\"stacks_in_16_page3\">Der Familienbund wird ausschlie\u00dflich \u00fcber private Spenden und Mitgliedsbeitr\u00e4ge finanziert und von ungez\u00e4hlten ehrenamtlichen Arbeitsstunden getragen.<br \/>\nWenn Sie uns unterst\u00fctzen m\u00f6chten, werden Sie regul\u00e4res Mitglied im Familienbund (Jahresbeitrag 25.- Euro) oder helfen Sie uns mit einer einmaligen Spende \u00fcber die bequemen Paypal-Buttons.Vielen Dank!<\/div>\n<div><\/div>\n<div>\n<p><strong>Spenden:<\/strong><\/p>\n<table border=\"0\">\n<tbody>\n<tr>\n<td style=\"text-align: center;\" align=\"center\">\n<form action=\"https:\/\/www.paypal.com\/cgi-bin\/webscr\" method=\"post\" target=\"_top\"><input name=\"cmd\" type=\"hidden\" value=\"_donations\" \/><input name=\"business\" type=\"hidden\" value=\"payment@scriba-schreiber.de\" \/><input name=\"lc\" type=\"hidden\" value=\"DE\" \/><input name=\"item_name\" type=\"hidden\" value=\"Familienbund Scriba-Schreiber\" \/><input name=\"item_number\" type=\"hidden\" value=\"Web-Spende\" \/><input name=\"amount\" type=\"hidden\" value=\"10.00\" \/><input name=\"currency_code\" type=\"hidden\" value=\"EUR\" \/><input name=\"no_note\" type=\"hidden\" value=\"0\" \/><input name=\"bn\" type=\"hidden\" value=\"PP-DonationsBF:btn_donateCC_LG.gif:NonHostedGuest\" \/><input alt=\"Jetzt einfach, schnell und sicher online bezahlen \u2013 mit PayPal.\" name=\"submit\" src=\"https:\/\/www.paypalobjects.com\/de_DE\/DE\/i\/btn\/btn_donateCC_LG.gif\" type=\"image\" \/><img loading=\"lazy\" decoding=\"async\" src=\"https:\/\/www.paypalobjects.com\/de_DE\/i\/scr\/pixel.gif\" alt=\"\" width=\"1\" height=\"1\" border=\"0\" \/><\/form>\n<\/td>\n<td style=\"text-align: center;\" align=\"center\">\n<form action=\"https:\/\/www.paypal.com\/cgi-bin\/webscr\" method=\"post\" target=\"_top\"><input name=\"cmd\" type=\"hidden\" value=\"_donations\" \/><input name=\"business\" type=\"hidden\" value=\"payment@scriba-schreiber.de\" \/><input name=\"lc\" type=\"hidden\" value=\"DE\" \/><input name=\"item_name\" type=\"hidden\" value=\"Familienbund Scriba-Schreiber\" \/><input name=\"item_number\" type=\"hidden\" value=\"Web-Spende\" \/><input name=\"amount\" type=\"hidden\" value=\"20.00\" \/><input name=\"currency_code\" type=\"hidden\" value=\"EUR\" \/><input name=\"no_note\" type=\"hidden\" value=\"0\" \/><input name=\"bn\" type=\"hidden\" value=\"PP-DonationsBF:btn_donateCC_LG.gif:NonHostedGuest\" \/><input alt=\"Jetzt einfach, schnell und sicher online bezahlen \u2013 mit PayPal.\" name=\"submit\" src=\"https:\/\/www.paypalobjects.com\/de_DE\/DE\/i\/btn\/btn_donateCC_LG.gif\" type=\"image\" \/><img loading=\"lazy\" decoding=\"async\" src=\"https:\/\/www.paypalobjects.com\/de_DE\/i\/scr\/pixel.gif\" alt=\"\" width=\"1\" height=\"1\" border=\"0\" \/><\/form>\n<\/td>\n<td style=\"text-align: center;\" align=\"center\">\n<form action=\"https:\/\/www.paypal.com\/cgi-bin\/webscr\" method=\"post\" target=\"_top\"><input name=\"cmd\" type=\"hidden\" value=\"_donations\" \/><input name=\"business\" type=\"hidden\" value=\"payment@scriba-schreiber.de\" \/><input name=\"lc\" type=\"hidden\" value=\"DE\" \/><input name=\"item_name\" type=\"hidden\" value=\"Familienbund Scriba-Schreiber\" \/><input name=\"item_number\" type=\"hidden\" value=\"Web-Spende\" \/><input name=\"amount\" type=\"hidden\" value=\"50.00\" \/><input name=\"currency_code\" type=\"hidden\" value=\"EUR\" \/><input name=\"no_note\" type=\"hidden\" value=\"0\" \/><input name=\"bn\" type=\"hidden\" value=\"PP-DonationsBF:btn_donateCC_LG.gif:NonHostedGuest\" \/><input alt=\"Jetzt einfach, schnell und sicher online bezahlen \u2013 mit PayPal.\" name=\"submit\" src=\"https:\/\/www.paypalobjects.com\/de_DE\/DE\/i\/btn\/btn_donateCC_LG.gif\" type=\"image\" \/><img loading=\"lazy\" decoding=\"async\" src=\"https:\/\/www.paypalobjects.com\/de_DE\/i\/scr\/pixel.gif\" alt=\"\" width=\"1\" height=\"1\" border=\"0\" \/><\/form>\n<\/td>\n<td style=\"text-align: center;\">\n<form action=\"https:\/\/www.paypal.com\/cgi-bin\/webscr\" method=\"post\" target=\"_top\"><input name=\"cmd\" type=\"hidden\" value=\"_donations\" \/><input name=\"business\" type=\"hidden\" value=\"payment@scriba-schreiber.de\" \/><input name=\"lc\" type=\"hidden\" value=\"DE\" \/><input name=\"item_name\" type=\"hidden\" value=\"Familienbund Scriba-Schreiber\" \/><input name=\"item_number\" type=\"hidden\" value=\"Web-Spende\" \/><input name=\"no_note\" type=\"hidden\" value=\"0\" \/><input name=\"currency_code\" type=\"hidden\" value=\"EUR\" \/><input name=\"bn\" type=\"hidden\" value=\"PP-DonationsBF:btn_donateCC_LG.gif:NonHostedGuest\" \/><input alt=\"Jetzt einfach, schnell und sicher online bezahlen \u2013 mit PayPal.\" name=\"submit\" src=\"https:\/\/www.paypalobjects.com\/de_DE\/DE\/i\/btn\/btn_donateCC_LG.gif\" type=\"image\" \/><img loading=\"lazy\" decoding=\"async\" src=\"https:\/\/www.paypalobjects.com\/de_DE\/i\/scr\/pixel.gif\" alt=\"\" width=\"1\" height=\"1\" border=\"0\" \/><\/form>\n<\/td>\n<\/tr>\n<tr>\n<td style=\"text-align: center;\" align=\"center\">\n<address>Einmalige Spende in H\u00f6he von 10 Euro<\/address>\n<\/td>\n<td style=\"text-align: center;\" align=\"center\">\n<address>Einmalige Spende in H\u00f6he von 20 Euro<\/address>\n<\/td>\n<td style=\"text-align: center;\" align=\"center\">\n<address>Einmalige Spende in H\u00f6he von 50 Euro<\/address>\n<\/td>\n<td style=\"text-align: center;\" align=\"center\">\n<address>Einmalige Spende in beliebiger H\u00f6he<\/address>\n<\/td>\n<\/tr>\n<\/tbody>\n<\/table>\n<p><strong> Beitr\u00e4ge:<\/strong><\/p>\n<table border=\"0\">\n<tbody>\n<tr>\n<td>Jahresbeitrag Familienbund<br \/>\nBitte das Jahr ausw\u00e4hlen, f\u00fcr das gezahlt werden soll.<br \/>\n(Wir freuen uns auch \u00fcber nachgezahlte Beitr\u00e4ge aus den Vorjahren.)<\/td>\n<td>\n<form action=\"https:\/\/www.paypal.com\/cgi-bin\/webscr\" method=\"post\" target=\"_top\"><input name=\"cmd\" type=\"hidden\" value=\"_xclick\" \/><input name=\"business\" type=\"hidden\" value=\"payment@scriba-schreiber.de\" \/><input name=\"lc\" type=\"hidden\" value=\"DE\" \/><input name=\"item_name\" type=\"hidden\" value=\"Familienbund Jahresbeitrag\" \/><input name=\"item_number\" type=\"hidden\" value=\"Web-Beitrag\" \/><input name=\"button_subtype\" type=\"hidden\" value=\"services\" \/><input name=\"no_note\" type=\"hidden\" value=\"0\" \/><input name=\"currency_code\" type=\"hidden\" value=\"EUR\" \/><input name=\"bn\" type=\"hidden\" value=\"PP-BuyNowBF:btn_paynowCC_LG.gif:NonHostedGuest\" \/><\/p>\n<table>\n<tbody>\n<tr>\n<td><input name=\"on0\" type=\"hidden\" value=\"Beitragsjahr\" \/>Beitragsjahr<\/td>\n<\/tr>\n<tr>\n<td><select name=\"os0\"><option value=\"2026\">2026 \u20ac25,00 EUR<\/option><option value=\"2025\">2025 \u20ac25,00 EUR<\/option><option value=\"2024\">2024 \u20ac25,00 EUR<\/option><option value=\"2023\">2023 \u20ac25,00 EUR<\/option><\/select><\/td>\n<\/tr>\n<\/tbody>\n<\/table>\n<p><input name=\"currency_code\" type=\"hidden\" value=\"EUR\" \/><input name=\"option_select0\" type=\"hidden\" value=\"2023\" \/><input name=\"option_amount0\" type=\"hidden\" value=\"25.00\" \/><input name=\"option_select1\" type=\"hidden\" value=\"2023\" \/><input name=\"option_amount1\" type=\"hidden\" value=\"25.00\" \/><input name=\"option_select2\" type=\"hidden\" value=\"2024\" \/><input name=\"option_amount2\" type=\"hidden\" value=\"25.00\" \/><input name=\"option_select3\" type=\"hidden\" value=\"2025\" \/><input name=\"option_amount3\" type=\"hidden\" value=\"25.00\" \/><input name=\"option_select4\" type=\"hidden\" value=\"2026\" \/><input name=\"option_amount4\" type=\"hidden\" value=\"25.00\" \/><input name=\"option_index\" type=\"hidden\" value=\"0\" \/><input alt=\"Jetzt einfach, schnell und sicher online bezahlen \u2013 mit PayPal.\" name=\"submit\" src=\"https:\/\/www.paypalobjects.com\/de_DE\/DE\/i\/btn\/btn_paynowCC_LG.gif\" type=\"image\" \/><img loading=\"lazy\" decoding=\"async\" src=\"https:\/\/www.paypalobjects.com\/de_DE\/i\/scr\/pixel.gif\" alt=\"\" width=\"1\" height=\"1\" border=\"0\" \/><\/p>\n<\/form>\n<\/td>\n<\/tr>\n<\/tbody>\n<\/table>\n<\/div>\n<\/div>\n<p><\/p>","protected":false},"excerpt":{"rendered":"<p>Der Familienbund wird ausschlie\u00dflich \u00fcber private Spenden und Mitgliedsbeitr\u00e4ge finanziert und von ungez\u00e4hlten ehrenamtlichen Arbeitsstunden getragen. Wenn Sie uns unterst\u00fctzen m\u00f6chten, werden Sie regul\u00e4res Mitglied im Familienbund (Jahresbeitrag 25.- Euro) oder helfen Sie uns mit einer einmaligen Spende \u00fcber die bequemen Paypal-Buttons.Vielen Dank! Spenden: Einmalige Spende in H\u00f6he von 10 Euro Einmalige Spende in H\u00f6he [&hellip;]<\/p>\n","protected":false},"author":1,"featured_media":0,"parent":0,"menu_order":0,"comment_status":"open","ping_status":"closed","template":"page-templates\/front-page.php","meta":{"footnotes":""},"class_list":["post-37","page","type-page","status-publish","hentry"],"_links":{"self":[{"href":"https:\/\/www.scriba-schreiber.de\/index.php?rest_route=\/wp\/v2\/pages\/37","targetHints":{"allow":["GET"]}}],"collection":[{"href":"https:\/\/www.scriba-schreiber.de\/index.php?rest_route=\/wp\/v2\/pages"}],"about":[{"href":"https:\/\/www.scriba-schreiber.de\/index.php?rest_route=\/wp\/v2\/types\/page"}],"author":[{"embeddable":true,"href":"https:\/\/www.scriba-schreiber.de\/index.php?rest_route=\/wp\/v2\/users\/1"}],"replies":[{"embeddable":true,"href":"https:\/\/www.scriba-schreiber.de\/index.php?rest_route=%2Fwp%2Fv2%2Fcomments&post=37"}],"version-history":[{"count":120,"href":"https:\/\/www.scriba-schreiber.de\/index.php?rest_route=\/wp\/v2\/pages\/37\/revisions"}],"predecessor-version":[{"id":1200,"href":"https:\/\/www.scriba-schreiber.de\/index.php?rest_route=\/wp\/v2\/pages\/37\/revisions\/1200"}],"wp:attachment":[{"href":"https:\/\/www.scriba-schreiber.de\/index.php?rest_route=%2Fwp%2Fv2%2Fmedia&parent=37"}],"curies":[{"name":"wp","href":"https:\/\/api.w.org\/{rel}","templated":true}]}}